+ 50*l**2 - 174*l + 3245. Determine f(48).
-499
Let g(x) = -2*x**2 + 3832*x + 15336. Determine g(-4).
-24
Let c(v) = -67*v**2 - 1577*v - 1533. What is c(-1)?
-23
Let v(l) = 312*l**3 + 10*l**2 + 546*l - 554. Determine v(1).
314
Let i(x) = x**3 - 23*x**2 - 629*x - 905. Give i(-15).
-20
Let d(b) = -205*b + 55219. Give d(270).
-131
Let u(s) = s**3 + 66*s**2 - 3123*s + 1267. Calculate u(-98).
-7
Let l(u) = 5*u**3 + 26*u**2 + 85*u + 470. Give l(-8).
-1106
Let m(k) = k**3 - 19*k**2 - 254*k - 665. Calculate m(-5).
5
Let r(d) = 15*d**2 - 301*d + 266. Calculate r(17).
-516
Let g(i) = 9*i**2 - 491*i + 404. Give g(52).
-792
Let v(f) = 2*f**3 + 14*f**2 - 96*f - 194. Calculate v(-2).
38
Let n(y) = y**2 - 7529*y + 45148. Calculate n(6).
10
Let s(w) = 6*w**3 + 110*w**2 + 52*w + 111. Give s(-19).
-2321
Let l(f) = -3*f**2 + 43*f + 619. Determine l(-11).
-217
Let q(r) = 461*r**2 - 1310*r + 2. What is q(1)?
-847
Let m(p) = 4293*p - 98771. Calculate m(23).
-32
Let o(v) = 161*v**2 - 59409*v - 8. What is o(369)?
-8
Let g(f) = 6783*f - 2957409. Give g(436).
-21
Let q(n) = -12*n**2 - 2*n - 42. Determine q(0).
-42
Let q(d) = 7*d**2 + 860*d + 7166. What is q(-9)?
-7
Let h(p) = 2*p**3 - 4052*p**2 + 12126*p - 1. Calculate h(3).
-37
Let u(d) = 1603*d + 65898. What is u(-41)?
175
Let t(c) = -2269*c - 11860. Give t(-5).
-515
Let i(j) = j**3 + 12*j**2 - 425*j + 315. Calculate i(15).
15
Let k(z) = -z**3 + 2*z**2 + 220*z - 1093. Determine k(9).
320
Let c(p) = -2*p**2 + 678*p - 48794. Determine c(235).
86
Let i(k) = -20*k**2 - 4628*k - 1840. Give i(-231).
8
Let m(o) = -2*o**2 + 8067*o + 8065. Determine m(-1).
-4
Let s(i) = i**2 - 595*i + 31653. Give s(59).
29
Let f(c) = -c**2 - 2313*c + 89343. What is f(38)?
5
Let z(j) = -8911*j - 97792. Calculate z(-11).
229
Let z(p) = 10358*p + 476452. Calculate z(-46).
-16
Let f(p) = 2*p**3 + 27*p**2 + 33*p + 275. Give f(-15).
-895
Let s(r) = -3*r**2 - 10091*r - 10086. Calculate s(-1).
2
Let r(l) = l**2 - 906*l - 26151. Give r(-28).
1
Let v(i) = -162*i**2 + 13*i + 34. What is v(2)?
-588
Let c(l) = -522*l + 254784. Give c(488).
48
Let x(j) = -j**2 - 2141*j + 2997279. What is x(965)?
-11
Let w(v) = 9*v**3 - 82*v**2 - 32*v + 370. Determine w(9).
1
Let k(y) = 2*y**3 + 195*y**2 - 547*y - 24658. Determine k(-99).
92
Let v(y) = -4*y**2 + 1402*y - 122628. What is v(173)?
202
Let q(y) = -5624*y - 22394. Give q(-4).
102
Let m(a) = -2903*a + 9182. Calculate m(3).
473
Let t(v) = v**3 + 101*v**2 - 96*v + 599. Calculate t(-102).
-13
Let j(v) = 4*v**2 + 16415*v - 98626. What is j(6)?
8
Let z(u) = 482*u + 131380. What is z(-271)?
758
Let k(r) = 14*r**2 - 140*r - 2011. Give k(-8).
5
Let l(j) = 119278*j + 715674. Calculate l(-6).
6
Let a(z) = -1332*z + 572759. Determine a(430).
-1
Let o(w) = -1351*w + 147261. Calculate o(109).
2
Let t(v) = -1263*v - 4956. Determine t(-4).
96
Let v(p) = 16003*p + 432041. What is v(-27)?
-40
Let x(a) = -a**2 + 367*a + 41636. Determine x(-91).
-42
Let d(q) = -q**2 + 158*q + 1497. What is d(-9)?
-6
Let x(g) = 552*g + 63545. Determine x(-120).
-2695
Let s(b) = 3*b**3 - 421*b**2 - 1281*b - 20. Determine s(-3).
-47
Let q(d) = -39006*d - 40369. Give q(-1).
-1363
Let o(l) = 3*l**2 - 12033*l + 120239. Give o(10).
209
Let g(i) = 16*i**2 + 3082*i + 125701. Calculate g(-134).
9
Let g(p) = 34*p**2 - 3930*p - 1724. Give g(116).
-100
Let i(z) = z**2 - 222*z + 5350. Determine i(35).
-1195
Let x(y) = 5*y**2 - 1087*y + 18819. Calculate x(19).
-29
Let a(v) = 813*v**2 + 22767*v + 99. Give a(-28).
15
Let p(w) = -w**3 - w**2 - 28*w + 652. Determine p(9).
-410
Let y(b) = -b**3 - 176*b**2 - 7068*b - 275. Calculate y(-62).
-275
Let f(u) = u**2 + 285*u + 6009. Calculate f(-22).
223
Let b(k) = 1421*k - 76573. What is b(55)?
1582
Let h(n) = -3621*n - 10181. Determine h(-3).
682
Let h(n) = 411*n + 24653. Determine h(-57).
1226
Let i(u) = 693*u**3 + 39504*u**2 + 170*u - 89. Determine i(-57).
-32
Let c(z) = 162*z**2 - 1129*z - 8. What is c(7)?
27
Let d(j) = -31*j**3 + 12382*j**2 - 5195*j + 3198. Determine d(399).
6
Let u(t) = t**3 + 38*t**2 + 1819*t + 8208. Determine u(-5).
-62
Let s(i) = -4*i**2 - 3187*i - 189581. Give s(-732).
7
Let q(g) = 703*g**2 + 28112*g - 312. Calculate q(-40).
8
Let z(j) = 9*j**2 + 367*j - 1271. Give z(-44).
5
Let h(t) = -2*t**3 - 65*t**2 + 83*t - 663. What is h(-34)?
-17
Let c(p) = -25*p**2 - 2696*p + 3164. Determine c(-109).
3
Let v(t) = -2*t**2 - 1196*t - 57778. What is v(-53)?
-8
Let m(c) = -23*c**3 - 4*c**2 - 330*c + 657. Calculate m(2).
-203
Let w(t) = 1640*t - 6433. Give w(4).
127
Let y(t) = t**3 + 21*t**2 - 356*t - 5627. Give y(-16).
1349
Let d(y) = -2126*y + 55292. Give d(26).
16
Let z(a) = -a**3 + 44*a**2 - 261*a + 5. Give z(35).
1895
Let y(a) = -68621*a + 90. What is y(0)?
90
Let r(b) = 2*b**3 + 3*b**2 + 15*b - 375. What is r(0)?
-375
Let i(n) = -156*n + 18455. Calculate i(115).
515
Let f(s) = s**3 + 52*s**2 - 165*s - 10991. Calculate f(-51).
25
Let k(v) = -124*v**2 - 38*v + 1448. Calculate k(0).
1448
Let b(c) = 385*c**2 + 8085*c + 2. Calculate b(-21).
2
Let i(h) = -199*h - 21049. Determine i(-106).
45
Let g(m) = -663*m + 34334. Give g(52).
-142
Let q(s) = -1354*s - 18936. Calculate q(-14).
20
Let l(u) = -u**3 + 379*u**2 + 1205*u - 22533. Give l(382).
5
Let n(w) = 372*w**2 - 1552*w - 1554. Give n(-1).
370
Let j(w) = -258*w**2 - 1038*w - 39. Give j(-4).
-15
Let b(g) = -2*g**3 - 73*g**2 - 569*g - 24. Calculate b(-25).
-174
Let o(v) = -10*v**3 + 33*v**2 + 133*v + 83. Determine o(-3).
251
Let l(b) = -701*b + 56776. What is l(81)?
-5
Let g(r) = 306*r**2 + 17746*r - 99. What is g(-58)?
17
Let y(m) = -26*m**3 + 761*m**2 - 233*m + 873. Give y(29).
3
Let x(m) = -24*m**2 + 1789*m + 19088. Determine x(84).
20
Let v(r) = 9160*r + 73216. Give v(-8).
-64
Let s(b) = -23152*b + 3449641. Calculate s(149).
-7
Let h(o) = -28231*o + 254053. What is h(9)?
-26
Let z(j) = -j**2 - 92*j + 920. What is z(-97)?
435
Let l(k) = -k**3 + 19*k**2 + 1803*k - 37046. What is l(21)?
-65
Let i(h) = -11258*h - 90022. Give i(-8).
42
Let b(o) = 14*o**2 + 4175*o + 110026. Give b(-269).
5
Let y(h) = 875*h + 23545. Calculate y(-27).
-80
Let y(b) = 36*b + 3681. Determine y(-92).
369
Let l(j) = 2*j**2 + 506*j + 2065. Determine l(-248).
-415
Let n(t) = 8*t**3 - 85*t**2 - 91*t - 8. Calculate n(-1).
-10
Let q(s) = -79*s - 16016. Give q(-195).
-611
Let z(c) = -339*c**2 - 819*c + 1149. Calculate z(1).
-9
Let v(x) = -2*x**2 + 2662*x - 55095. What is v(21)?
-75
Let u(z) = 3479*z - 10400. Calculate u(3).
37
Let k(p) = 123*p**2 - 1185*p + 2469. Determine k(3).
21
Let h(u) = -u**2 + 1636*u - 510715. Give h(420).
5
Let v(a) = 8247*a + 16283. Calculate v(-2).
-211
Let o(p) = 349*p + 31816. Give o(-90).
406
Let l(v) = 192*v + 10380. What is l(-53)?
204
Let f(t) = 72*t**2 + 2566*t - 1053. What is f(-35)?
-2663
Let k(c) = -7*c**3 - 23*c**2 + 79*c - 729. Give k(-7).
-8
Let q(g) = -g**2 - 9118*g + 54743. Determine q(6).
-1
Let u(s) = 2*s**3 - 71*s**2 + 160*s + 322. What is u(33)?
157
Let a(o) = -105852*o + 2222891. Give a(21).
-1
Let s(g) = -3*g**2 - 2251*g - 22176. What is s(-10)?
34
Let r(j) = 73*j**2 - 906*j - 251. What is r(12)?
-611
Let m(z) = -4*z**2 - 343*z - 576. What is m(-84)?
12
Let g(h) = -3*h**2 + 245*h + 1527. What is g(90)?
-723
Let k(c) = -13*c**3 + 7*c**2 + 255*c + 971. Determine k(-4).
895
Let b(u) = 2*u**2 + 384*u + 2357. What is b(-6)?
125
Let m(c) = 14*c**3 - 28*c**2 - 5*c + 5. Give m(2).
-5
Let u(r) = -9*r**3 - 17*r**2 + 1952*r + 3896. Calculate u(-2).
-4
Let z(f) = -f**2 + 1319*f + 32243. Determine z(-25).
-1357
Let v(p) = 60*p**2 + 7722*p - 46255. Calculate v(6).
2237
Let d(w) = 79614*w - 477628. Give d(6).
56
Let i(c) = -4*c**3 - 20*c**2 - 130*c + 87. Determine i(-3).
405
Let r(k) = k**3 + 10*k**2 - 165*k - 23. Determine r(9).
31
Let s(w) = -2*w**3 - 88*w**2 - 13*w + 92. Calculate s(-44).
664
Let g(w) = 34*w**2 + 5709*w - 23121. Determine g(4).
259
Let a(s) = -26*s**2 + 2984*s - 6046. What is a(2)?
-182
Let c(v) = -2*v**3 + 1037*v**2 - 324*v - 100494. Determine c(518).
-2
Let a(p) = -55*p**2 + 879*p + 876. Give a(-1).
-58
Let p(m) = -m**2 - 413848*m - 827690. Give p(-2).
2
Let s(f) = -3*f**3 + 344*f**2 - 273*f + 5134. What is s(114)?
4
Let o(a) = -28222*a - 2088412. Calculate o(-74).
16
Let x(r) = 3*r**3 - 205*r**2 - 574*r + 360. Calculate x(71).
-66
Let